v(f) = 6*b(f) + n(f). Let x be v(-5). Calculate the highest common factor of x and 30.
6
Suppose -172 = -3*l - l. Let t = l + -18. Suppose -4*a - t = -9*a. Calculate the greatest common factor of a and 20.
5
Let q(d) = 7*d + 1. Let u be q(3). Let z be 702/8 - 224/(-896). What is the greatest common factor of z and u?
22
Suppose 0 = 3*s + 4*z + z - 196, -2*s = 3*z - 130. Let n = s + -43. What is the greatest common divisor of n and 38?
19
Let v = 24 - 4. Suppose 0*f = -f + 50. What is the greatest common factor of f and v?
10
Suppose 0 = c + 4*m - 1019, 0 = 4*c - 4*m - 5245 + 1129. Calculate the highest common divisor of c and 13.
13
Suppose -2*o - 2*j = -68, -17*o + 8*j = -15*o - 88. What is the greatest common factor of 420 and o?
12
Let j = 2948 + -2911. Calculate the greatest common factor of 3367 and j.
37
Let x be ((-8 + 3)*-3)/(6/172). Calculate the greatest common factor of x and 86.
86
Suppose -75 = -4*k + 285. Suppose 3*b - 35 = -v, 7*v + 2*b = 3*v + k. What is the greatest common divisor of 10 and v?
10
Suppose -18*q + 49*q = 1178. Calculate the highest common divisor of 6 and q.
2
Let k = -51 + 53. What is the highest common divisor of k and 76?
2
Suppose -4*h = -7*h + 405. Suppose -4*c + h = c. Let v be 241 + 0/3 + 6 + -4. What is the highest common divisor of v and c?
27
Let v be 1*2/1*-1. Let h be v + -4*-4*1. Let k be (56/(-48))/((-1)/9)*2. Calculate the greatest common divisor of h and k.
7
Let w be (-1474)/(-20) + 99/330. What is the highest common factor of 37 and w?
37
Let f = -838 - -1430. What is the greatest common factor of 16 and f?
16
Let p be 1 + (-510)/(-8) - 22/(-88). What is the highest common divisor of p and 104?
13
Let n = 9 + -5. Suppose -5*r = -15, -n*b = -0*r + 3*r - 29. Suppose 4*t - b*z - 145 = 0, -z - 3 = -2*z. What is the greatest common factor of t and 8?
8
Suppose -7*j + 291 = -3. What is the greatest common factor of 182 and j?
14
Suppose 0 = -6*i + 486 + 3024. Calculate the highest common divisor of i and 90.
45
Let p = 155 - 153. What is the greatest common factor of 22 and p?
2
Let r be (164/4)/((-2)/(-4)). Suppose r + 8 = 5*n - 5*m, -2*n = m - 51. Let d = -19 + n. What is the highest common factor of 16 and d?
4
Suppose -209*k + 150 = -203*k. What is the greatest common factor of 100 and k?
25
Let v be 3/9 + 10/15. Let x be v/(-1 + 2)*-6. Let m(u) = u**2 + 4*u + 8. Let r be m(x). Calculate the greatest common divisor of r and 100.
20
Let g(n) = n**3 + 10*n**2 - 6*n - 15. Let i be g(-9). Let b = i + -80. Let z = 9 - 4. What is the greatest common factor of b and z?
5
Let z be (-1)/8 - (-5555)/88. Calculate the greatest common factor of 84 and z.
21
Let a = 24 - 18. Let n(t) = 2*t**3 - t**2 - 2*t + 4. Let z be n(2). What is the greatest common factor of a and z?
6
Let w = -16 - -40. Let m(v) = -v**2 - 10*v - 9. Let b be m(-9). Suppose -4*d + 6 + 18 = b. What is the highest common factor of w and d?
6
Let y be -737*(-10)/(11 - 1). What is the highest common divisor of 134 and y?
67
Suppose -380*r + 383*r = 51. Let x be 288 - 1*-1*1. Calculate the greatest common factor of x and r.
17
Let n(o) = -6*o + 14. Let j(u) = u + 9. Suppose 18*q = 23*q + 70. Let c be j(q). Let p be n(c). Calculate the greatest common divisor of p and 110.
22
Let c(w) = 362*w**2 - 19*w - 21. Let f be c(-1). Calculate the highest common divisor of f and 90.
90
Let n(s) = -s**3 + 9*s**2 - 14*s - 4. Let y = -116 - -122. Let w be n(y). What is the greatest common divisor of 160 and w?
20
Let f(a) = 4*a - 12. Let k be f(4). Suppose -2*b + 6*u + 34 = k*u, 3*b + 4*u - 58 = 0. What is the greatest common factor of 54 and b?
18
Suppose a = -0*a - 5*v + 22, 0 = a - 5*v + 8. Suppose -3*x = -273 + 1113. Let o be (16/40)/((-2)/x). What is the highest common factor of o and a?
7
Let o be (-836)/77 - (-1)/(-7). Let a be 1588/22 + 2/o. What is the greatest common divisor of 48 and a?
24
Let v(d) = d. Let m(n) = -4*n - 3. Let j(g) = m(g) - 4*v(g). Let r be j(-2). Suppose 6*p = 2*p + 416. Calculate the highest common factor of r and p.
13
Let r be (-2)/(-4)*-6 - -32. Let u = r + 21. Let b be (-2)/((-4)/u) + -2. Calculate the highest common factor of b and 23.
23
Suppose l + 3*l - 72 = 0. Let g be (2/(-6))/(3/(-36))*1. Let p be (g/(-12))/((-3)/l). What is the highest common divisor of 5 and p?
1
Let z = 3 + -16. Let h(d) = d + 16. Let r be h(z). Suppose -84 = -7*m + r*m. Calculate the greatest common factor of 7 and m.
7
Let h(g) = -7*g - 2. Let u be h(-3). Let m be 68/187 + 1233/(-33). Let x = u - m. What is the greatest common divisor of 8 and x?
8
Let x = 2 + -2. Suppose -2*p + 96 = -x*p. Suppose 270*g = 5*s + 271*g - 30, 4*s = 4*g + 24. Calculate the highest common divisor of s and p.
6
Suppose 0 = -4*o + 2*o + 8. Suppose -4 = -o*c + 60. Let g be ((-6)/4)/((-24)/c). Calculate the greatest common factor of 2 and g.
1
Suppose -i = -4*a + 2*i + 25, 0 = 5*a + 3*i - 11. Let l be a + 80/(-15) - 67/(-3). What is the highest common factor of l and 168?
21
Let y(m) = m + 6. Let l be y(-8). Let x be -2 + l*(-102)/4. Suppose 5*a = 3*n + 4, 2*n - 3*a = -14 + 13. Calculate the greatest common divisor of n and x.
7
Let o be (3 + -2)/(2/(-2)). Let r be o*(1 - (1 + 0)). Suppose -k - 3*w + 42 = 0, -w + 5*w = r. What is the greatest common factor of k and 6?
6
Let m(n) = n**3 - 10*n**2 + 11*n - 6. Let i be m(6). Let c = -62 - i. What is the highest common divisor of c and 110?
22
Let h = -9 + 0. Let a(r) = r**3 + 8*r**2 - 9*r + 2. Let w be a(h). Calculate the highest common factor of w and 10.
2
Let r be 2/11 + 400/(-22) + -2. Let y be (r/16)/((-1)/(-8)*-2). Calculate the highest common factor of y and 10.
5
Suppose -2*a + 5*x + 36 + 52 = 0, -12 = 3*x. Suppose 3*l = h - 13 - 4, l - 85 = -5*h. What is the greatest common divisor of a and h?
17
Let k = -55 - 22. Let y = k - -95. What is the greatest common divisor of y and 90?
18
Suppose 6*f = -3*u + 2*f - 283, 3*f = 3*u + 276. Let c = -52 - u. Calculate the highest common divisor of 123 and c.
41
Suppose 3*n = 3*p - 3, 3*n = -4*p - 0 + 11. Suppose p*c = -4*g + 8, 0 = -g - 0 - 5. Let r = 121 + -51. Calculate the highest common factor of r and c.
14
Let x be (-8)/(80/(-15))*(-20)/3. Let i = 53 + x. What is the highest common factor of i and 387?
43
Suppose 68 = 20*r - 12. What is the highest common factor of r and 1532?
4
Suppose -32 + 91 = l + 2*h, -l = 4*h - 51. Suppose l = -3*k + 172. What is the greatest common divisor of k and 5?
5
Suppose 3*x + 1 + 41 = w, -2*w = -5*x - 80. Calculate the highest common divisor of 105 and w.
15
Suppose -2 = -w, -3*w = i - 0 - 2. Let n = i + 30. Calculate the greatest common divisor of n and 39.
13
Suppose -9*u + 1690 = -1001. What is the highest common divisor of u and 13?
13
Suppose 4*t - 3*y - 315 = 0, 0 = t + 3*t + 3*y - 333. Let k = 95 - t. Calculate the highest common divisor of k and 14.
14
Let h be (-9090)/60*4/(-3) + 5. What is the greatest common divisor of h and 115?
23
Let c = 2 - 4. Let y be (7 + -26)*(-4)/((-12)/(-27)). Let z be y/6 - (-1)/c. What is the greatest common divisor of z and 4?
4
Let k(f) = 81*f**2 - f + 1. Let i be k(1). Let h(a) = a**2 + 3*a - 1. Let b = -14 - -16. Let m be h(b). What is the greatest common factor of i and m?
9
Suppose 2*k - 5*t = 13 + 16, -2*t - 10 = 0. Suppose -2*b + 425 = k*b + 5*s, 3*s - 115 = -b. What is the highest common divisor of 25 and b?
25
Let v be -2*(-10)/(-4)*1. Let n(z) = -26*z**3 + 3*z**2 - 3*z - 5. Let y be n(-1). Let q be y*(-3)/45*v. What is the greatest common factor of q and 3?
3
Let t be (60/50)/(3/10). Suppose 16 = -2*j + t*j. Suppose 0 = 5*a - 124 - 76. Calculate the highest common factor of a and j.
8
Let x = 15 + 78. Calculate the highest common divisor of 3 and x.
3
Suppose -4*p = 5*c - 41 + 6, 0 = -2*c + p + 1. Suppose -8*l + 25 = -c*l. Calculate the greatest common factor of l and 20.
5
Let x(u) = u**2 - 5*u - 153. Let p be x(-12). Calculate the highest common divisor of p and 21.
3
Let j(a) = a**3 + 17*a**2 + 29*a - 13. Let c be j(-15). What is the highest common factor of c and 46?
2
Let b be (-9)/(-6) - (-16)/(-32). Calculate the greatest common divisor of 9 and b.
1
Suppose 63 = -5*w - 162. Let u = w + 139. Suppose 5*q + 5 = 0, -6*y + y + u = -4*q. Calculate the highest common divisor of y and 